ainder when 50 is divided by y?
2
Suppose -13*h + 114 + 68 = 0. What is the remainder when 32 is divided by h?
4
Suppose -3*v - 5*f - 62 = 20, -2*f - 4 = 0. Let w be (20/6)/((-1)/12). Let j = v - w. What is the remainder when j is divided by 6?
4
Suppose -16*c + 189 = -275. What is the remainder when 45 is divided by c?
16
Suppose 3*g = -p - g + 48, 4*p = 2*g + 156. What is the remainder when 122 is divided by p?
2
Suppose 0*j + 4*s - 12 = j, s = 2. Calculate the remainder when 26 is divided by (-1)/(j/31) - (-12)/(-16).
5
Let h(g) = 25*g - 2. Let y be h(2). Let c = -8 + y. Calculate the remainder when c is divided by 10 + (-1)/((-2)/2).
7
Let l(t) = 55*t - 14. What is the remainder when 778 is divided by l(1)?
40
Let b(y) = 2*y**2 + 21*y - 103. Calculate the remainder when b(-18) is divided by 9.
5
Suppose 4*p - 101 = 67. What is the remainder when 124 is divided by p?
40
Suppose 13*a = 18*a - 370. Calculate the remainder when a is divided by 42.
32
Let i = 52 - 47. Suppose 2*t + i*u - 92 = -0*t, 5*t = 3*u + 199. What is the remainder when t is divided by 15?
11
Let d(v) = v**2 - 115*v - 707. Calculate the remainder when d(-6) is divided by 4.
3
Suppose 2*x - 5*x + 27 = 0. Let y(w) = 0*w - 5 - x + 3*w. Calculate the remainder when y(17) is divided by 19.
18
Let n = 175 + -116. Let x be -7*-4*40/112. Let y = n - x. What is the remainder when y is divided by 13?
10
Let i(l) = -9*l. Let a be i(1). Let h be (-2 + (-21)/a)*-6. Calculate the remainder when 51 is divided by 330/25 + h/10.
12
Suppose z = -5*c - 0*c + 34, -4*c - 20 = 0. Let j = 0 + z. Let b(t) = 3*t**2 - 4*t. Calculate the remainder when j is divided by b(3).
14
Suppose 5*k - 6*k = 0. Let t = k + 5. Let h = t - -9. What is the remainder when 55 is divided by h?
13
Let f(b) = -b + 3. Let y be f(2). Let j = y + 36. Calculate the remainder when j is divided by 8.
5
What is the remainder when 363/5 - (7 + 37/(-5)) is divided by 16?
9
Let q = 200 - 182. What is the remainder when 32 is divided by q?
14
Suppose 304 = 5*n - w, 4*n - 239 = 10*w - 5*w. Let s(p) = 22*p**3 - 2*p + 1. Calculate the remainder when n is divided by s(1).
19
Suppose 6*n = -19*n + 975. Calculate the remainder when 68 is divided by n.
29
Suppose -12*f + 17*f - 175 = 0. What is the remainder when 68 is divided by f?
33
Suppose -3*h + 55 = 5*m, -2*h + 75 - 20 = 5*m. Let a be (-2)/m - 8206/121. Let c = a - -95. Calculate the remainder when c is divided by 16.
11
Suppose -3*y + 120 = 21. Suppose 5*n - 415 = -95. Calculate the remainder when n is divided by y.
31
Suppose -5*r - 124 = -179. Suppose 3*v + 4*c = 41, -4*v + 4 = c - 29. Calculate the remainder when r is divided by v.
4
Let a = -54 - -57. Suppose a*o + 135 = 12*o. Let i(m) = 9*m**3 + 2*m**2 - 2*m + 1. Calculate the remainder when o is divided by i(1).
5
Let c(y) = -y**2 - 6*y + 18. Calculate the remainder when c(-6) is divided by 3.
0
Suppose -72 = -2*t + 12. Suppose 455 = -5*y + 5*q, y + 373 = -3*y - 5*q. Let j = 103 + y. What is the remainder when t is divided by j?
9
Suppose -2*u - 11 = -25. Suppose 2*w + 3*b - 22 = 0, -5*b + 31 = u*w - 4*w. Calculate the remainder when 62 is divided by w.
11
Let x(o) = 2*o + 19. Let q be x(-8). Suppose -2*c - q*c = -80. Let p = -2 + c. What is the remainder when 53 is divided by p?
11
What is the remainder when 95 - 3*(-6)/18 is divided by -5*(43/(-5) - -2)?
30
Suppose -3*v + 13 = 5*a, 15 = -2*a + 7*a + 5*v. Let f(g) = 7*g - 20. What is the remainder when a is divided by f(3)?
0
Suppose 22*o = -219*o + 14701. What is the remainder when o is divided by (-4)/(-14) - 145/(-7)?
19
Let g = -187 - -266. Suppose -g*k - 845 = -84*k. Calculate the remainder when k is divided by 17.
16
Suppose -5*c = -3*d - 1141, 5*d = 16 - 1. What is the remainder when c is divided by 40?
30
Let a(i) = -2*i + 26. Let h be a(-8). Suppose 2*v - 7*v = -2*c - 86, 2*c = -3*v + h. What is the remainder when v is divided by 9?
7
Let q(v) = -v**2 - v. Let l(n) = -7*n**2 - 11*n + 19. Let k(s) = -l(s) + 6*q(s). Calculate the remainder when 11 is divided by k(-8).
1
Let r(v) = v + 14. Let c be r(-11). Suppose -2 = c*z - 5. What is the remainder when 27 is divided by (z - 2)/((-2)/20)?
7
Let m(o) = -o**2 - 10*o - 1. Let n be m(-9). What is the remainder when 51 is divided by ((-18)/n)/((-2)/8)?
6
Suppose 6*l - 7*l = 0. Suppose 0 = 5*h + 51 - 146. What is the remainder when h is divided by (-7)/((l + -2)/2 - 0)?
5
Suppose 17 = 2*m - 9. Suppose 3*z + 4 + 0 = 2*l, 0 = -5*l + 5*z. Calculate the remainder when m is divided by 3 + l + -1 + 10.
5
Suppose 4*t - 2*g + 7*g = 133, -t + 2 = -5*g. Suppose -b - t = 2*b. Calculate the remainder when 1 is divided by 3/b + (-4)/(-3).
0
Let q = -138 + 157. What is the remainder when 36 is divided by q?
17
Let v(n) = n**3 - 9*n**2 - 11*n + 14. Let u be v(10). Suppose u*c - 20 = -y, 3*y + 2*c - 18 - 2 = 0. Calculate the remainder when 17 is divided by y.
1
Suppose 2*m + 0*t - 33 = 3*t, -5*t = -2*m + 43. Let g = 11 + m. What is the remainder when g is divided by 11?
9
Let b(q) = 5*q + 41. Let g be b(-7). What is the remainder when 179 is divided by 5*g + 0 - 4?
23
Let y(l) = -15*l - 54. Calculate the remainder when y(-8) is divided by 27.
12
Suppose -y = -5*y + 60. Let m = -12 + y. Suppose m*p + 4*t = 50, -4*t - 6 = -p - 0*t. Calculate the remainder when p is divided by 8.
6
Let s = 11886 - 7689. What is the remainder when s is divided by 28?
25
Let z = 654 + -486. What is the remainder when z is divided by 85?
83
Let t be (1/2)/((-5)/10). Let b be t/(2/(-60)) - 0. Suppose -4*r + b = -r. Calculate the remainder when r is divided by 3.
1
Let o = -231 + 276. What is the remainder when o is divided by 18?
9
Suppose -9*s + 5*s = -72. Suppose 15*y - s*y = -6. What is the remainder when 21 is divided by y?
1
Let v be (-278)/3 + 8/(-18)*3. Let i = -89 - v. What is the remainder when 25 is divided by i?
0
Let c be ((-5 - -5) + 181)*1. Let y = c - 129. What is the remainder when y is divided by 6?
4
Suppose 0 = -19*l + 54*l - 3080. What is the remainder when 789 is divided by l?
85
Suppose 5*g = 2*f + f + 1215, 0 = 2*g + 4*f - 460. Suppose -6*h + g = -2*h. Calculate the remainder when h is divided by 16.
12
Suppose 27*l = 62*l - 140. Calculate the remainder when 77 is divided by l.
1
Let m = 28 - 14. Let v(q) = -26*q**2 + 1. Let r be v(-2). Let x = -48 - r. What is the remainder when x is divided by m?
13
Suppose -1 - 3 = -n. Let y be 6/(n/12 - 1). Let f(v) = -3*v + 2. What is the remainder when f(y) is divided by 8?
5
Let w = 129 + -114. Let o be 1/(-2) + (-55)/(-10). What is the remainder when 86 is divided by 336/w + (-2)/o?
20
Let g(r) = 3*r - 27. Let s be g(13). What is the remainder when ((-558)/s - -1)*-2 is divided by 31?
29
Suppose 0*z - 60 = -5*z. Let h(w) = 15*w - 13. Calculate the remainder when h(4) is divided by z.
11
Let a(w) = 44*w**2 - 22*w - 23. Calculate the remainder when 250 is divided by a(-1).
35
Suppose 26*y = 34*y - 296. What is the remainder when 590 is divided by y?
35
Suppose x - 5*x = 2*z - 26, -z - 5*x + 7 = 0. Let g = 12 - 18. Let t = 11 + g. What is the remainder when z is divided by t?
2
Let k(d) = -11*d**3 + 2*d**2 - 1. Let j be k(-1). Suppose 138 = -3*s + j. Calculate the remainder when 44 is divided by (-12)/s - 103/(-7).
14
Let v = -20 - -73. Let z(x) = -2*x**2 + 22*x + 18. What is the remainder when v is divided by z(11)?
17
Let x = 12 - 7. Let o(p) = 5*p - 5. Let d = 8821 - 8814. Calculate the remainder when o(x) is divided by d.
6
Let c(x) = x + 102. Calculate the remainder when c(-9) is divided by 18.
3
Suppose 0 = 5*y - 23 + 13. Let p(q) = 5 - y + 3*q - 5. Calculate the remainder when p(9) is divided by 14.
11
Let y(t) = 10*t - 2. Let i(w) = w**3 + 2*w**2 - w + 7. Let a be i(-3). Calculate the remainder when 23 is divided by y(a).
7
Let g = 84 + -100. What is the remainder when (-105)/6*g/10 is divided by 17?
11
Let f = -108 + 249. Calculate the remainder when f is divided by 40.
21
Suppose -1997 = -2*t + 4*o + o, t - 5*o = 1011. What is the remainder when t is divided by 19?
17
Suppose 5*h - 24 - 1 = 0. Suppose -h*r - 10 = 0, 0*i + i = 5*r + 27. Let p = 19 - i. What is the remainder when 6 is divided by p?
0
Suppose -2*x = -u - 7, -3*u + 5*x = u + 19. Calculate the remainder when 101 is divided 